{"id":7,"date":"2018-12-27T12:50:50","date_gmt":"2018-12-27T11:50:50","guid":{"rendered":"https:\/\/massageserenite41.wordpress.com\/?page_id=2"},"modified":"2024-10-12T16:39:32","modified_gmt":"2024-10-12T14:39:32","slug":"massage-blois-qui-suis-je","status":"publish","type":"page","link":"https:\/\/massageserenite.fr\/index.php\/massage-blois-qui-suis-je\/","title":{"rendered":"Praticienne Masseuse Bien-\u00eatre"},"content":{"rendered":"\n<p>Je suis Nad\u00e8ge M\u00e9treau, <\/p>\n\n\n\n<p class=\"has-kubio-color-6-color has-text-color has-link-color wp-elements-df8c37d33919ea6e727209e3f06ae83a\"><strong>Praticienne Masseuse Bien-\u00eatre<\/strong> form\u00e9e chez&nbsp;<a href=\"https:\/\/www.formations-sensoria.fr\/\">Sensoria<\/a> \u00e0 Blois. J&rsquo;ai obtenu le dipl\u00f4me en 2018.&nbsp;<\/p>\n\n\n\n<p>Entrepreneuse et pratique, cr\u00e9ative et pleine d&rsquo;id\u00e9es, j&rsquo;ai cr\u00e9\u00e9 <strong>Massage-S\u00e9r\u00e9nit\u00e9<\/strong> d\u00e9but 2019, une micro-entreprise de prestation de service de massages. <\/p>\n\n\n\n<p>D\u00e9sireuse d&rsquo;am\u00e9liorer ma pratique du massage bien-\u00eatre, j&rsquo;ai compl\u00e9t\u00e9 ma formation \u00e0 l&rsquo;\u00e9cole \u00ab\u00a0Harmonie Bien-\u00eatre\u00a0\u00bb \u00e0 Ch\u00e2teau-Gontier-sur-Mayenne en 2022 et chez Shizen school Paris en 2023.<\/p>\n\n\n\n<p>Avant d&rsquo;en arriver aux massages, j&rsquo;ai suivi un parcours litt\u00e9raire. J&rsquo;ai obtenu un Master en \u00ab\u00a0Art du spectacle Vivant\u00a0\u00bb \u00e0 l&rsquo;universit\u00e9 de Tours. A la suite de mes \u00e9tudes, j&rsquo;ai travaill\u00e9 au Ch\u00e2teau du Clos Luc\u00e9 \u00e0 Amboise.<\/p>\n\n\n\n<p>J&rsquo;ai \u00e9galement \u00e9t\u00e9 assistante p\u00e9dagogique pour le r\u00e9seau RAR (Blois) et j&rsquo;ai pass\u00e9 le concours de professeur des \u00e9coles plusieurs fois. La trentaine s&rsquo;approchant, j&rsquo;ai souhait\u00e9 fonder une famille en me posant \u00e0 domicile en tant qu&rsquo;assistante maternelle.<\/p>\n\n\n\n<p>Apr\u00e8s un Burn out, j&rsquo;ai entrepris une d\u00e9marche de coaching professionnel et une th\u00e9rapie longue ce qui a r\u00e9v\u00e9l\u00e9 la personne que je suis : hypersensible (15 \u00e0 20% de la population mondiale). J&rsquo;ai pu me positionner dans la vie active et m&rsquo;orienter sur le massage dans une ambiance de bien-\u00eatre. Je suis aujourd&rsquo;hui \u00e0 ma place, celle d&rsquo;accompagner chaque personne dans le mieux-\u00eatre.<\/p>\n\n\n\n<p>Je vous re\u00e7ois avec <strong>bienveillance <\/strong>dans mon SWEET SALOON HOME quelque soit la situation dans laquelle vous vous trouvez : pour simplement vous d\u00e9tente, diminuer le stress, pour une perte de poids ou une mise en beaut\u00e9 ou pendant une p\u00e9riode plus d\u00e9licate et passer le cap (maladie, deuil, accident, p\u00e9riode de transition\u2026).<\/p>\n\n\n\n<h3 class=\"wp-block-heading has-kubio-color-1-color has-text-color has-link-color wp-elements-05fc95ebc941f4017be88ca647be7dd5\">Le pouvoir du massage<\/h3>\n\n\n\n<p>Massage-S\u00e9r\u00e9nit\u00e9 est d\u00e9termin\u00e9e \u00e0 vous apporter du bien dans votre vie ! <\/p>\n\n\n\n<p><em>Vous accompagnez dans votre bien-\u00eatre : <\/em><\/p>\n\n\n\n<ul class=\"wp-block-list\">\n<li>par la prise en charge du physique (beaut\u00e9 du visage et cellulite)<\/li>\n\n\n\n<li>par la prise en charge de la douleur (d\u00e9nouer les tensions et n\u0153uds du corps, et les courbatures)<\/li>\n\n\n\n<li>par la prise en charge du stress (aide au l\u00e2cher prise)<\/li>\n\n\n\n<li>par la prise en charge de la fatigue (aide \u00e0 retrouver de l&rsquo;\u00e9nergie)<\/li>\n\n\n\n<li>par la prise en charge de blocages mentaux, de l&rsquo;angoisse et du sommeil (aide au rel\u00e2chement mental)<\/li>\n<\/ul>\n\n\n\n<p>Le pouvoir du massage est ind\u00e9niable aussi bien pour les femmes que pour les hommes. <\/p>\n\n\n\n<p>Massage-S\u00e9r\u00e9nit\u00e9 est un lieu \u00ab\u00a0Parenth\u00e8se dans votre quotidien\u00a0\u00bb pour vous donner le temps d&rsquo;\u00eatre \u00e0 vous dans la douceur et l&rsquo;instant pr\u00e9sent. <\/p>\n\n\n\n<p>Le bien-\u00eatre, le partage, la relaxation pour plus de s\u00e9r\u00e9nit\u00e9 dans une vie et dans nos vies. <\/p>\n\n\n\n<p>Massage-S\u00e9r\u00e9nit\u00e9 d\u00e9sire participer au cercle magique de la vie pour aider tout un chacun. <\/p>\n\n\n\n<div class=\"wp-block-columns is-layout-flex wp-container-core-columns-is-layout-9d6595d7 wp-block-columns-is-layout-flex\">\n<div class=\"wp-block-column is-layout-flow wp-block-column-is-layout-flow\" style=\"flex-basis:100%\">\n<div class=\"wp-block-columns is-layout-flex wp-container-core-columns-is-layout-9d6595d7 wp-block-columns-is-layout-flex\">\n<div class=\"wp-block-column is-layout-flow wp-block-column-is-layout-flow\">\n<figure class=\"wp-block-image size-full\"><img loading=\"lazy\" decoding=\"async\" width=\"626\" height=\"417\" src=\"https:\/\/massageserenite.fr\/wp-content\/uploads\/2023\/01\/femme-joie.webp\" alt=\"\" class=\"wp-image-995\" srcset=\"https:\/\/massageserenite.fr\/wp-content\/uploads\/2023\/01\/femme-joie.webp 626w, https:\/\/massageserenite.fr\/wp-content\/uploads\/2023\/01\/femme-joie-600x400.webp 600w, https:\/\/massageserenite.fr\/wp-content\/uploads\/2023\/01\/femme-joie-300x200.webp 300w, https:\/\/massageserenite.fr\/wp-content\/uploads\/2023\/01\/femme-joie-90x60.webp 90w, https:\/\/massageserenite.fr\/wp-content\/uploads\/2023\/01\/femme-joie-370x247.webp 370w\" sizes=\"(max-width: 626px) 100vw, 626px\" \/><\/figure>\n<\/div>\n\n\n\n<div class=\"wp-block-column is-layout-flow wp-block-column-is-layout-flow\">\n<figure class=\"wp-block-image size-full\"><img loading=\"lazy\" decoding=\"async\" width=\"626\" height=\"417\" src=\"https:\/\/massageserenite.fr\/wp-content\/uploads\/2023\/01\/amour-1.webp\" alt=\"\" class=\"wp-image-997\" srcset=\"https:\/\/massageserenite.fr\/wp-content\/uploads\/2023\/01\/amour-1.webp 626w, https:\/\/massageserenite.fr\/wp-content\/uploads\/2023\/01\/amour-1-600x400.webp 600w, https:\/\/massageserenite.fr\/wp-content\/uploads\/2023\/01\/amour-1-300x200.webp 300w, https:\/\/massageserenite.fr\/wp-content\/uploads\/2023\/01\/amour-1-90x60.webp 90w, https:\/\/massageserenite.fr\/wp-content\/uploads\/2023\/01\/amour-1-370x247.webp 370w\" sizes=\"(max-width: 626px) 100vw, 626px\" \/><\/figure>\n<\/div>\n<\/div>\n<\/div>\n<\/div>\n","protected":false},"excerpt":{"rendered":"<p>Je suis Nad\u00e8ge M\u00e9treau, Praticienne Masseuse Bien-\u00eatre form\u00e9e chez&nbsp;Sensoria \u00e0 Blois. J&rsquo;ai obtenu le dipl\u00f4me en 2018.&nbsp; Entrepreneuse et pratique, cr\u00e9ative et pleine d&rsquo;id\u00e9es, j&rsquo;ai cr\u00e9\u00e9 Massage-S\u00e9r\u00e9nit\u00e9 d\u00e9but 2019, une micro-entreprise de prestation de service de massages. D\u00e9sireuse d&rsquo;am\u00e9liorer ma pratique du massage bien-\u00eatre, j&rsquo;ai compl\u00e9t\u00e9 ma formation \u00e0 l&rsquo;\u00e9cole \u00ab\u00a0Harmonie Bien-\u00eatre\u00a0\u00bb \u00e0 Ch\u00e2teau-Gontier-sur-Mayenne en [&hellip;]<\/p>\n","protected":false},"author":1,"featured_media":0,"parent":0,"menu_order":1,"comment_status":"closed","ping_status":"closed","template":"page-praticienne-masseuse-bien-etre-template","meta":{"saved_in_kubio":true,"footnotes":""},"class_list":["post-7","page","type-page","status-publish","hentry"],"kubio_ai_page_context":{"short_desc":"","purpose":"general"},"_links":{"self":[{"href":"https:\/\/massageserenite.fr\/index.php\/wp-json\/wp\/v2\/pages\/7","targetHints":{"allow":["GET"]}}],"collection":[{"href":"https:\/\/massageserenite.fr\/index.php\/wp-json\/wp\/v2\/pages"}],"about":[{"href":"https:\/\/massageserenite.fr\/index.php\/wp-json\/wp\/v2\/types\/page"}],"author":[{"embeddable":true,"href":"https:\/\/massageserenite.fr\/index.php\/wp-json\/wp\/v2\/users\/1"}],"replies":[{"embeddable":true,"href":"https:\/\/massageserenite.fr\/index.php\/wp-json\/wp\/v2\/comments?post=7"}],"version-history":[{"count":59,"href":"https:\/\/massageserenite.fr\/index.php\/wp-json\/wp\/v2\/pages\/7\/revisions"}],"predecessor-version":[{"id":2209,"href":"https:\/\/massageserenite.fr\/index.php\/wp-json\/wp\/v2\/pages\/7\/revisions\/2209"}],"wp:attachment":[{"href":"https:\/\/massageserenite.fr\/index.php\/wp-json\/wp\/v2\/media?parent=7"}],"curies":[{"name":"wp","href":"https:\/\/api.w.org\/{rel}","templated":true}]}}

Praticienne Masseuse Bien-être

<p>Je suis Nadège Métreau, </p>



<p class="has-kubio-color-6-color has-text-color has-link-color wp-elements-df8c37d33919ea6e727209e3f06ae83a"><strong>Praticienne Masseuse Bien-être</strong> formée chez&nbsp;<a href="https://www.formations-sensoria.fr/">Sensoria</a> à Blois. J&rsquo;ai obtenu le diplôme en 2018.&nbsp;</p>



<p>Entrepreneuse et pratique, créative et pleine d&rsquo;idées, j&rsquo;ai créé <strong>Massage-Sérénité</strong> début 2019, une micro-entreprise de prestation de service de massages. </p>



<p>Désireuse d&rsquo;améliorer ma pratique du massage bien-être, j&rsquo;ai complété ma formation à l&rsquo;école « Harmonie Bien-être » à Château-Gontier-sur-Mayenne en 2022 et chez Shizen school Paris en 2023.</p>



<p>Avant d&rsquo;en arriver aux massages, j&rsquo;ai suivi un parcours littéraire. J&rsquo;ai obtenu un Master en « Art du spectacle Vivant » à l&rsquo;université de Tours. A la suite de mes études, j&rsquo;ai travaillé au Château du Clos Lucé à Amboise.</p>



<p>J&rsquo;ai également été assistante pédagogique pour le réseau RAR (Blois) et j&rsquo;ai passé le concours de professeur des écoles plusieurs fois. La trentaine s&rsquo;approchant, j&rsquo;ai souhaité fonder une famille en me posant à domicile en tant qu&rsquo;assistante maternelle.</p>



<p>Après un Burn out, j&rsquo;ai entrepris une démarche de coaching professionnel et une thérapie longue ce qui a révélé la personne que je suis : hypersensible (15 à 20% de la population mondiale). J&rsquo;ai pu me positionner dans la vie active et m&rsquo;orienter sur le massage dans une ambiance de bien-être. Je suis aujourd&rsquo;hui à ma place, celle d&rsquo;accompagner chaque personne dans le mieux-être.</p>



<p>Je vous reçois avec <strong>bienveillance </strong>dans mon SWEET SALOON HOME quelque soit la situation dans laquelle vous vous trouvez : pour simplement vous détente, diminuer le stress, pour une perte de poids ou une mise en beauté ou pendant une période plus délicate et passer le cap (maladie, deuil, accident, période de transition…).</p>



<h3 class="wp-block-heading has-kubio-color-1-color has-text-color has-link-color wp-elements-05fc95ebc941f4017be88ca647be7dd5">Le pouvoir du massage</h3>



<p>Massage-Sérénité est déterminée à vous apporter du bien dans votre vie ! </p>



<p><em>Vous accompagnez dans votre bien-être : </em></p>



<ul class="wp-block-list">
<li>par la prise en charge du physique (beauté du visage et cellulite)</li>



<li>par la prise en charge de la douleur (dénouer les tensions et nœuds du corps, et les courbatures)</li>



<li>par la prise en charge du stress (aide au lâcher prise)</li>



<li>par la prise en charge de la fatigue (aide à retrouver de l&rsquo;énergie)</li>



<li>par la prise en charge de blocages mentaux, de l&rsquo;angoisse et du sommeil (aide au relâchement mental)</li>
</ul>



<p>Le pouvoir du massage est indéniable aussi bien pour les femmes que pour les hommes. </p>



<p>Massage-Sérénité est un lieu « Parenthèse dans votre quotidien » pour vous donner le temps d&rsquo;être à vous dans la douceur et l&rsquo;instant présent. </p>



<p>Le bien-être, le partage, la relaxation pour plus de sérénité dans une vie et dans nos vies. </p>



<p>Massage-Sérénité désire participer au cercle magique de la vie pour aider tout un chacun. </p>



<div class="wp-block-columns is-layout-flex wp-container-core-columns-is-layout-9d6595d7 wp-block-columns-is-layout-flex">
<div class="wp-block-column is-layout-flow wp-block-column-is-layout-flow" style="flex-basis:100%">
<div class="wp-block-columns is-layout-flex wp-container-core-columns-is-layout-9d6595d7 wp-block-columns-is-layout-flex">
<div class="wp-block-column is-layout-flow wp-block-column-is-layout-flow">
<figure class="wp-block-image size-full"><img loading="lazy" decoding="async" width="626" height="417" src="https://massageserenite.fr/wp-content/uploads/2023/01/femme-joie.webp" alt="" class="wp-image-995" srcset="https://massageserenite.fr/wp-content/uploads/2023/01/femme-joie.webp 626w, https://massageserenite.fr/wp-content/uploads/2023/01/femme-joie-600x400.webp 600w, https://massageserenite.fr/wp-content/uploads/2023/01/femme-joie-300x200.webp 300w, https://massageserenite.fr/wp-content/uploads/2023/01/femme-joie-90x60.webp 90w, https://massageserenite.fr/wp-content/uploads/2023/01/femme-joie-370x247.webp 370w" sizes="(max-width: 626px) 100vw, 626px" /></figure>
</div>



<div class="wp-block-column is-layout-flow wp-block-column-is-layout-flow">
<figure class="wp-block-image size-full"><img loading="lazy" decoding="async" width="626" height="417" src="https://massageserenite.fr/wp-content/uploads/2023/01/amour-1.webp" alt="" class="wp-image-997" srcset="https://massageserenite.fr/wp-content/uploads/2023/01/amour-1.webp 626w, https://massageserenite.fr/wp-content/uploads/2023/01/amour-1-600x400.webp 600w, https://massageserenite.fr/wp-content/uploads/2023/01/amour-1-300x200.webp 300w, https://massageserenite.fr/wp-content/uploads/2023/01/amour-1-90x60.webp 90w, https://massageserenite.fr/wp-content/uploads/2023/01/amour-1-370x247.webp 370w" sizes="(max-width: 626px) 100vw, 626px" /></figure>
</div>
</div>
</div>
</div>

<p>Je suis Nadège Métreau, Praticienne Masseuse Bien-être formée chez&nbsp;Sensoria à Blois. J&rsquo;ai obtenu le diplôme en 2018.&nbsp; Entrepreneuse et pratique, créative et pleine d&rsquo;idées, j&rsquo;ai créé Massage-Sérénité début 2019, une micro-entreprise de prestation de service de massages. Désireuse d&rsquo;améliorer ma pratique du massage bien-être, j&rsquo;ai complété ma formation à l&rsquo;école « Harmonie Bien-être » à Château-Gontier-sur-Mayenne en [&hellip;]</p>
